. What is the remainder when 89 is divided by s?
11
Let h = 5427 - 5201. Let g = 50 - 31. What is the remainder when h is divided by g?
17
Suppose -2*f - 4815 = -h, -19*f = 2*h - 18*f - 9600. What is the remainder when h is divided by 89?
86
Let a = -12839 - -12858. Calculate the remainder when 13525 is divided by a.
16
Let g(i) = 6*i**2 - i - 7. Let x be (-3 + 7)*(-1 + 0). Calculate the remainder when g(x) is divided by (87362/(-165))/(-19) - (-6)/45.
9
Suppose 0 = 42*g - 41*g - 158. Suppose 2*c - g = -114. What is the remainder when 105 is divided by c?
17
Let s(n) = -10*n**2 + 2*n + 15. Let j be s(8). Let f = j - -619. Let a = 84 + -46. Calculate the remainder when a is divided by f.
8
Let v = 100 + -13. What is the remainder when v is divided by (76/133)/(13/182)?
7
Let g(l) = l**2 + 7*l + 16. Let f be g(-8). Let v = 30 - f. Calculate the remainder when 41 is divided by (-18)/(-12)*56/v.
13
Let f be 8/36*1 + 76/(-18). Let w be f + 8 + (0 - 7). Calculate the remainder when 40 is divided by ((-19)/5 - w)/((-2)/35).
12
Let u = 209 - -30. Suppose 11*l + 5 = 27. Suppose 0 = -3*v - g + 181, -3*g + 65 = v + l*g. Calculate the remainder when u is divided by v.
59
Let o = -3820 + 4440. Calculate the remainder when o is divided by 168.
116
Let g(q) = q**3 - 41*q**2 - 130*q + 31. What is the remainder when g(44) is divided by 101?
18
Let w = -142 - -112. What is the remainder when 84 is divided by -1 - (-5)/6 - 1205/w?
4
Suppose 0 = -5*c + 4*l - 1725 + 8666, 2*l + 5554 = 4*c. What is the remainder when c is divided by 11?
3
Let j(q) = q**2 + q - 102. Calculate the remainder when 518 is divided by j(-11).
6
Suppose -8*d + 12*d - 24 = -3*f, -5*d + 31 = 4*f. Suppose 6*k + 155 = 11*k. Suppose -76 + k = -d*g. Calculate the remainder when 40 is divided by g.
10
Suppose -8*a = -9*a - 27. Let s = a - -41. What is the remainder when 6/(-21)*(-13426)/28 is divided by s?
11
Suppose 2*z - 8583 = -5*i, -9*z = 5*i - 5*z - 8591. What is the remainder when i is divided by 11?
10
Let y(i) = -i**3 + 50*i**2 - 95*i + 68. Calculate the remainder when 447 is divided by y(48).
99
Let y = -98 + 157. Suppose 199*j - 48499 = 21748. Calculate the remainder when j is divided by y.
58
Let g = 3441 + -2392. Suppose g = -49*p + 4969. What is the remainder when p is divided by 42?
38
Let d(u) = 5*u**2 - 9*u + 2. Let b be d(2). Suppose 0 = 2*t - 7*t - 2*k + 37, t - 25 = b*k. Calculate the remainder when (68/(-10) + 2)*-5 is divided by t.
6
Let z(w) = -w**3 - 30*w**2 - 18*w - 76. Let l be z(-30). Let k = -429 + l. What is the remainder when k is divided by 16?
3
Let q be (7 - (-28)/(-4))/(-2). Let h = -3 + 5. Suppose -114 = -4*b + h*y - q*y, -y = b - 24. Calculate the remainder when b is divided by 15.
12
Let i = 36 + -41. Let y be -16*3/(-6) - (9 + i). Suppose -5*j + y*x = -67, -j - 4*x - 10 = -33. Calculate the remainder when 132 is divided by j.
12
Let v(i) = -2*i**3 - 24*i**2 - i + 15. What is the remainder when 0*5/25 - -161 is divided by v(-12)?
26
What is the remainder when 397 is divided by 650/52*(-8)/100*-10?
7
Suppose v + 268 + 4 = 3*b, 4*b + 4*v = 352. Calculate the remainder when 180 is divided by b.
0
Suppose 246 = -3*q + 267. Let g(p) = p**3 - 7*p**2 + p - 5. Calculate the remainder when g(q) is divided by 2.
0
Suppose -438*s + 8145 + 63613 + 1388 = 0. Calculate the remainder when 833 is divided by s.
165
Let z = -4856 + 4919. Calculate the remainder when z is divided by 17.
12
Suppose 5 = -5*q - 5*u, 3*q - 2*u - 1 - 1 = 0. Suppose -y + 26 + 7 = q. Calculate the remainder when 127 is divided by y.
28
Suppose 3*k + 2*z - 2893 - 1371 = 0, -z = -4*k + 5678. Calculate the remainder when k is divided by 6.
4
Let d(l) = -l**3 + 35*l**2 - 16*l - 49. Let s be d(34). Let t = s + -536. Calculate the remainder when 97 is divided by t.
16
Suppose 231*t + 236*t - 735 = 464*t. Calculate the remainder when t is divided by 116.
13
Calculate the remainder when 92 is divided by (-15548)/(-920) + (-4)/10 + 3/6.
7
Suppose -78 - 106 = -3*a - 5*w, 0 = 2*a - 4*w - 86. Let z = -342 - -113. Let y = -214 - z. Calculate the remainder when a is divided by y.
8
Suppose -s - 689*n = -692*n - 1124, 0 = 5*s - 3*n - 5608. Calculate the remainder when s is divided by 1106.
15
What is the remainder when 128 is divided by ((81/12)/3)/((-45)/(-180))?
2
Let j(k) = k + 170 - 89 + 4*k**2 + 5*k**2 - 88. Calculate the remainder when 34 is divided by j(-2).
7
Let b = -195 - -206. Suppose -2*f - b*f = -299. Suppose 3*s + 6 = 0, -4*z - s + 56 = -3*s. Calculate the remainder when f is divided by z.
10
Suppose 3*o + z - 17558 - 13916 = 0, -3*z - 31446 = -3*o. What is the remainder when o is divided by 159?
154
Let x(z) = z**3 - 9*z + 30. What is the remainder when 1047 is divided by x(0)?
27
Suppose 2*t + 355 = -3*f, 0 = -t - t - 5*f - 349. Calculate the remainder when 160 is divided by (936/t)/(4/(-14)).
16
Suppose -2*h - 3*p + 113 = 0, 0 = -11*p + 13*p + 2. Suppose 302 + h = 36*q. Calculate the remainder when 49 is divided by q.
9
Let u be ((-51)/85 - 6/(-35))*-21. Suppose 4*l = -b - b + 44, 0 = -3*l + u. Calculate the remainder when 573 is divided by b.
13
Let l = -20 - -59. Let n(p) = p**3 + 2*p**2 + 7. Let v(a) = -a**2 - 8*a. Let f be v(-8). What is the remainder when l is divided by n(f)?
4
Let b(i) be the third derivative of -10/3*i**3 - 1/4*i**4 + 0 - 9*i**2 + 0*i. What is the remainder when 46 is divided by b(-5)?
6
Let u(d) = -d**3 + 5*d**2 + 98*d - 60. What is the remainder when u(-14) is divided by 85?
82
Let f(p) = p**2 + 4*p + 3. Let q be f(-5). Calculate the remainder when 1/((q/208)/((-2)/(-4))) is divided by 7.
6
Suppose c + 4 = 5*a, 3*a - 5*a + 4 = 2*c. Calculate the remainder when 53 is divided by (754/(-78))/(c*1/(-3)).
24
Let v(a) = a**3 + 8*a**2 - 2*a + 10. Calculate the remainder when v(-8) is divided by 11/(616/16) - 94/(-14).
5
Let m(z) = 48*z + 140. What is the remainder when m(0) is divided by 23?
2
Suppose -23*d = 18*d - 43337. Suppose -228 = -5*n + 2. Calculate the remainder when d is divided by n.
45
Suppose 0 = f + 1, -15 = -2*j - 3*f + 4*f. Suppose y - j = -29. Let g = y + 33. What is the remainder when 28 is divided by g?
6
Calculate the remainder when 3836 is divided by (-24)/276 + 11/(1771/15470).
92
Suppose -3 = -2*n + 15. Let o be ((-24)/(-2))/(3/70). Let a = o + -258. Calculate the remainder when a is divided by n.
4
Suppose 2926 + 3041 = 39*x. Calculate the remainder when 1223 is divided by x.
152
Let v(p) = -2*p**2 + 9*p - 6. Let g be v(3). Suppose -5*w + h + 3*h = -29, g*w + 3*h - 12 = 0. Calculate the remainder when 7 is divided by ((w/4)/5)/(5/100).
2
Suppose -8*k + k = -420. Suppose -4*z - 5*i = -36 - 7, 5*z = -5*i + k. Let l = 3 - -2. What is the remainder when z is divided by l?
2
Let d(b) = 10*b + 441. Let a(t) = 5*t**3 + 2*t + 5. Let l be a(-2). Calculate the remainder when d(l) is divided by 30.
21
Suppose -149969*m + 6785 = -149946*m. What is the remainder when 4411 is divided by m?
281
Let v = -134337 - -134740. Suppose 2*m - 3*m + 58 = 0. Calculate the remainder when v is divided by m.
55
Let d(m) = -m**3 - 22*m**2 + 776*m - 45. Calculate the remainder when 204 is divided by d(-41).
48
Suppose 3*v + 10644 = 3*h, 5*h + 21*v = 20*v + 17710. What is the remainder when h is divided by 5?
3
Suppose 5*n + 8 = -3*y - 6, 2*n = 5*y - 18. Calculate the remainder when (-26)/(-52)*(y - -298) is divided by 23.
12
Let z(k) = 146*k + 1577. Calculate the remainder when z(-8) is divided by 201.
7
Let n be 4/(-10) + 14/10 - -4. Suppose -2*u + 356 = -0*w + 4*w, -n*w + 440 = 5*u. Let d = -46 - -77. Calculate the remainder when w is divided by d.
28
Let b(v) = 5*v - 24. Let p be b(7). Suppose -p*y + 33 = -0*y. What is the remainder when 26 is divided by y?
2
Suppose 26 - 48 = -2*d. Let f = 226 + d. Suppose 5*z = f + 183. What is the remainder when z is divided by 17?
16
Let b = -73 - -83. Suppose -2*p + 0*m = 4*m - b, m = -4*p + 48. What is the remainder when 77 is divided by p?
12
Suppose 1097 = p + 223. Suppose -4*c = 2*r - r - 467, 4*c + p = 2*r. What is the remainder when r is divided by 15?
12
Let o = 1268 - 1265. Let d be (8/10)/(3/15). Suppose -4*a + d = -8. Calculate the remainder when a is divided by o.
0
Suppose 0 = 6*m - 11*m - 3*b + 103, 5*m - b = 119. Calculate the 